-g - 38*g = -154206. What are the prime factors of g?
2, 3, 659
Let m = -4168 - -5884. Suppose 8*f + 3*f - m = 0. What are the prime factors of f?
2, 3, 13
Let b(x) = 98*x - 46. What are the prime factors of b(7)?
2, 5
Suppose 2*h - 12 = -3*s + 8, 5*h = 2*s + 12. List the prime factors of h*4/12*498/4.
2, 83
Let l(d) = -308*d - 277. What are the prime factors of l(-13)?
3727
Let i = -119 - -81. Suppose -85 = -2*k + 25. Let g = k + i. List the prime factors of g.
17
Suppose 2*p - 160 + 40 = -k, -3*k + 316 = -5*p. Suppose u - 21 = -4*w + 94, -u - 3*w = -k. What are the prime factors of u?
103
Let f = 5694 - 4052. List the prime factors of f.
2, 821
Let l be (-1 + 7)*2/6. Suppose 5*w + v = -2*v + 25, -l*v = -3*w + 15. Suppose 5*b - 73 = -j, -5*j - 29 - 26 = -w*b. What are the prime factors of b?
2, 7
Let g(b) = b**3 + 4*b**2 - 2*b - 3. Let r be g(-4). Suppose 4*z = p + 2, -40 = -r*p - z - 4*z. What are the prime factors of 1*5*(p + 1)?
5, 7
What are the prime factors of 531/36 - 7 - 2/(-8)?
2
Let v(g) = g**3 + 11*g**2 + 7*g - 1. Suppose -4*u + 7*u = -33. Let o be v(u). Let y = o + 117. List the prime factors of y.
3, 13
Let f(k) = -20*k. List the prime factors of f(-14).
2, 5, 7
Suppose 0 = -2*o + 3*o - 629. Suppose 5*s - n = 2*s + o, -s = -3*n - 215. What are the prime factors of s?
11, 19
Let h = 29 - 17. Suppose h = 3*x + 3. Suppose -4*j + 52 = x*c, -4*c + 3*j = -2*j - 121. List the prime factors of c.
2, 3
Suppose 0*d - 4*a - 20 = -4*d, 0 = 4*d + a - 10. Suppose -413 + 158 = d*c. Let f = c + 137. List the prime factors of f.
2, 13
Suppose -9*d + 0 = -36. Suppose 3*r + 78 = g + 2*g, d*r = -4. List the prime factors of g.
5
Let v(s) = -2*s - 5. Let q be v(-4). Suppose 5 = 5*t - 15, 5*u - 3 = q*t. Suppose -u*x = -b - 112, -1 = -2*b - 9. What are the prime factors of x?
2, 3
Let r(t) = 2*t**2 + 3*t + 2. Let j be r(-4). Let b = 1 + j. List the prime factors of (-12)/6 + b/1.
3, 7
Let s(m) = -105*m - 127. List the prime factors of s(-10).
13, 71
Let h be 50/13 - 2/(-13). Suppose 4*x - h*o - 1178 + 306 = 0, 3*x = -2*o + 649. What are the prime factors of x?
7, 31
Suppose -804 = -4*i + 1556. What are the prime factors of i?
2, 5, 59
Suppose 4 = 2*j + 18. Let b = 8 + j. What are the prime factors of 29*b - 24/12?
3
Suppose -37 - 35 = -18*u. Suppose -2*l - 614 + 4 = -4*f, -605 = -u*f + l. List the prime factors of f.
2, 3, 5
List the prime factors of (-46280)/(-52)*(-1 - -2).
2, 5, 89
Let h(i) = -i - 1. Let a be h(-3). Suppose -a = -j - 3. List the prime factors of ((-38)/2)/(-2 - j).
19
Suppose 2*b - 18 = 3*u + 5*b, 4*u + 24 = 5*b. Let m = -5 - u. What are the prime factors of (-7*m)/(6/(-6))?
7
Suppose 3332 = 12*c - 10*c + 3*b, 3*b = 4*c - 6700. What are the prime factors of c?
2, 11, 19
Let o(c) = 8*c**2 + 4*c - 194. List the prime factors of o(18).
2, 5, 13, 19
Let m be ((-27)/6)/((-3)/8). Let y = 6 - m. What are the prime factors of y/(-12)*(4 + 2)?
3
Let f(o) = 4*o**2 + 30*o - 152. List the prime factors of f(17).
2, 757
Suppose -5*b = 3*w - 8*w - 320, -5*w = 5*b - 300. What are the prime factors of b?
2, 31
Suppose 0 = 3*h + 45 + 117. Let q = h - -95. What are the prime factors of q?
41
Let l(u) = 16*u**2 - 107*u + 55. Let a(n) = 4*n**2 - 27*n + 14. Let i(f) = 9*a(f) - 2*l(f). What are the prime factors of i(8)?
2, 5
Suppose 7*h - 2430 = -2*h. Suppose 0 = 7*o - 4*o - h. What are the prime factors of o?
2, 3, 5
Let k = -32 + 37. Suppose k*y - g - 145 = 0, -4*y = -2*y - 5*g - 58. List the prime factors of y.
29
Let g(r) = -r + 15. Suppose 0 = -c + 1 + 12. Let l be g(c). Suppose 0 = 3*p + m - 20, -4*p + m - l*m + 28 = 0. List the prime factors of p.
2
Let l = 2 + 149. Let m = -53 + l. What are the prime factors of m?
2, 7
Suppose q = -6*q. Suppose 59 = g - q*b + 3*b, -5*b = 3*g - 161. What are the prime factors of g?
47
Suppose -4*v + 267 = -165. What are the prime factors of (v/42)/(3/315)?
2, 3, 5
Let m = 644 + -316. What are the prime factors of m?
2, 41
Let n(u) = -u**2 + 13*u - 4. Let y be n(12). Suppose y*t = 6*t + 34. List the prime factors of t.
17
Suppose 3*b - 2*m + m - 38 = 0, 2*b - 2 = -4*m. Suppose -9*w = -b*w + 280. List the prime factors of w.
2, 5, 7
Let z be 22/26 - 58/(-377). List the prime factors of ((4/4)/z)/((-1)/(-74)).
2, 37
Let q = 27 - 6. Suppose j + 5*x - q = -1, -x = 2*j - 13. Suppose 0 = 4*n + 5*d - 112 - 3, -j*d - 10 = -n. List the prime factors of n.
5
Suppose 3804*v - 14514 = 3798*v. List the prime factors of v.
41, 59
Suppose -4*v - 4 + 20 = 0. Suppose v = 3*y - 2*y - 3*g, 5*g - 50 = -4*y. List the prime factors of 394/y + (-16)/40.
3, 13
Suppose 777 = 20*q + q. What are the prime factors of q?
37
What are the prime factors of (-993)/(-3) + (-6 - -8)?
3, 37
Let h(j) = -j**3 - 11*j**2 - 6*j. Let n be (-1)/(-3) + (-25)/3. Let m be h(n). What are the prime factors of 8/(-28) + m/(-14)?
2, 5
Suppose 427 = -5*i + 1987. Suppose 252 = g + 5*b, -2*b + i = g + 72. List the prime factors of g.
2, 29
Suppose -5*k - 5*w = -w - 173, -2*w = 5*k - 179. Suppose 2*b = -m + k, m - 4*m + 51 = 3*b. List the prime factors of ((-106)/4)/((-10)/b).
53
Suppose 2 = -0*w - w. Let l be w/(-7) - 264/(-7). Suppose -61 - l = -3*c. List the prime factors of c.
3, 11
Let n = 22 + -16. Suppose 0 = -n*u + 4*u + 44. Suppose 0 = x + 2*m - 42, -x - 5*m = u - 61. List the prime factors of x.
2, 11
Suppose -46 = -d - 0*d - 4*g, -2*d + g + 65 = 0. Let c = d - -35. List the prime factors of c.
3, 23
Let k(w) = 3*w - 6. Let q = 4 + 38. Suppose 0 = -2*i + 4*b + 46, -6*i + 2*i - 2*b = -q. List the prime factors of k(i).
3, 11
Let u(i) = 124*i + 180. List the prime factors of u(6).
2, 3, 7, 11
Let n be -25*(-2)/6*-3. Let c = -15 - n. What are the prime factors of c?
2, 5
Let j = -13 + 44. Let w = j - -24. What are the prime factors of w?
5, 11
Suppose 0 = -l - m - m + 12, 4*l - 5*m - 9 = 0. Suppose -2*k - 3 = -3*j - 12, 0 = -2*j - 4*k - l. List the prime factors of (-1)/3 + (-121)/j.
2, 5
What are the prime factors of 1*(13 + (5 - 9))*215?
3, 5, 43
Let p be (4/3)/(12/18). Suppose -3*q + 4 = -p. Suppose 0*z = -q*z + 26. What are the prime factors of z?
13
Let o(p) = -p**2 + 15*p + 7. Suppose 5*q - 27 + 2 = 0. Let c be 18*1 - (q - 2). What are the prime factors of o(c)?
7
Suppose 16852 = -11*d + 33*d. What are the prime factors of d?
2, 383
Let b(t) = t**2 - 5*t - 1. Let m be b(6). What are the prime factors of (-4 + m)*2*8?
2
Let z = 1 + 1. Let m(r) = 7*r**3 + 4*r + 4 - 2 - 3*r + 2*r**2 - 4*r**2. List the prime factors of m(z).
2, 13
Let s = -56 + 58. Suppose -5*g + 4*k = -310, -5*g = -s*g + 4*k - 154. What are the prime factors of g?
2, 29
What are the prime factors of 4/(-5) + (-45444)/(-105)?
2, 3
Let y(x) = 378*x**2 + 12*x + 25. What are the prime factors of y(-2)?
17, 89
Let v(y) = -36*y**3 - y**2 - 13*y - 14. What are the prime factors of v(-2)?
2, 37
Let w = -217 - -640. List the prime factors of w.
3, 47
Let t = 33 - -59. Suppose 5*c + v = -2*v + 128, -4*c - 5*v + t = 0. List the prime factors of (-4)/(-28) - (-136)/c.
5
Let g(p) = -2*p**3 + 42*p**2 - 3*p + 21. What are the prime factors of g(20)?
761
Suppose -5*c + 2*a = -73, 5*a = 2*c + a - 42. Suppose 206 - 881 = -3*p. Suppose -4*v + p = c. What are the prime factors of v?
53
Let l(s) = -s**2 - 31*s + 13. List the prime factors of l(-27).
11
Suppose 0 = 5*k + 20, 3*i - 3*k = 24 - 3. Suppose r - i = 0, 2*z + 2*r = 5*r + 409. What are the prime factors of z?
11, 19
Suppose 25 - 9 = 4*x - 4*u, 12 = -x - 3*u. Let m(s) = -3 - 2*s + 0*s + x. List the prime factors of m(-6).
3
Suppose h - 9 = 3. Suppose -8*t + 5*t = h. List the prime factors of 6/((-5)/220*t).
2, 3, 11
Suppose 4*g - 16 = -4*a + 2*a, 0 = -5*a + 3*g - 12. Let o(d) = d**2 + d + 4. Let y be o(a). Suppose -p + 14 = -y. What are the prime factors of p?
2, 3
Let p(x) = x**2 + 16*x + 15. Let z be p(-17). Let g(v) = z*v - 9 + 22*v - 47*v. What are the prime factors of g(7)?
2, 5
Suppose -4*b - 2*z = -8*b + 442, 3*z = 5*b - 554. Let x = b - 96. List the prime factors of x.
13
Let h(u) = 4260*u**3 - 2*u**2 - 3*u + 7. What are the prime factors of h(1)?
2, 2131
Let l = 1870 + -1114. What are the prime factors of l?
2, 3, 7
Let b = -57 - -73. Suppose b = 2*z - 10. List the prime factors of z.
13
Let c(l) = l**2 + 12*l + 19. Let z be c(-9). Let h = 